its digit of v?
9
Suppose 0 = 2*n - 3*t - 7, n + 2*t - 2 = -n. Let m(j) = -j**2 + j + 2. Let v be m(0). Let g = n + v. What is the units digit of g?
4
Let q = -32 - -94. What is the units digit of q?
2
Suppose -2 = -p + 9. What is the tens digit of p?
1
Suppose 3*z - 7*u + 2*u = 170, -2*z + 4*u + 110 = 0. What is the tens digit of z?
6
Suppose 4*l - 52 = -4*h + 2*h, -h - 44 = -3*l. Let f be (-2)/7 + 102/l. Let o = f - 0. What is the units digit of o?
7
Suppose 3*l - 629 - 361 = -3*v, -5*l + 1670 = -5*v. What is the tens digit of l?
3
Suppose 3*u - 150 = -0*u + 5*z, 3*z - 200 = -4*u. What is the units digit of u?
0
Let m = 1 - 1. Let j(x) = x + 2 + 0 + m. What is the tens digit of j(11)?
1
Suppose -2*z - 3*z = 5*k - 960, -380 = -2*z + 2*k. What is the tens digit of z?
9
Suppose z - 2*j = -4*z - 6, -2*z + 4*j = -4. What is the units digit of 27/((-6)/z)*1?
9
Let u be (-4)/14 - 654/14. Suppose 3*m = -4*g + 273, 4*g = 2*g - m + 135. Let c = g + u. What is the tens digit of c?
1
Let f(b) = -b**3 + 3*b**2 + 2*b + 1. Let k be f(3). Suppose 3*o + 3*v = k*v + 50, -2*o - 2*v = -52. What is the units digit of o?
2
Suppose 0 = 4*a - 8 - 0. Let m = 5 - a. What is the units digit of m?
3
Let x(d) = 9*d**2 - 2*d - 2. Let b be x(2). Let q be ((-54)/(-15))/((-1)/b). What is the tens digit of q/(-11) + 6/33?
1
Let k(v) = 21*v + 11. What is the tens digit of k(3)?
7
Let u be (-3)/(6/2) - -1. Suppose -2*p + 67 = -3*l, p - 6 - 11 = -4*l. Suppose -3*c + c + 3*h + p = u, 0 = 2*c - 2*h - 24. What is the units digit of c?
7
What is the units digit of 4/(8/357) + (-2)/(-4)?
9
Suppose -4*g - 5*q = 37, 0*g + 4*q = g - 17. What is the units digit of (-8)/(g + (-4)/(-4))?
4
Let o(n) = -22*n**2 + 1. Let c be o(1). Let y(l) = 5*l - 3. Let q be y(7). Let f = c + q. What is the tens digit of f?
1
Suppose 118 = 3*u - 5*w, 130 = 4*u + 5*w - 39. What is the tens digit of u?
4
Let c be (3 - 1)/(2/2). Let n(w) = -w**2 - 2*w + 6. Let v be n(0). Suppose c*l + 0 = v. What is the units digit of l?
3
Suppose -5*k + 2*m + 118 = -72, -4*k + 4*m = -164. What is the tens digit of k?
3
Let t = -1 + 5. Suppose t = k - 3. What is the units digit of k?
7
Let p = -23 - -27. Suppose 6*v - 26 = p*v. What is the tens digit of v?
1
Suppose 331 = 4*w - 4*n - 253, 0 = 2*w - 5*n - 301. What is the units digit of w?
3
Suppose -24 = -137*h + 134*h. What is the units digit of h?
8
Suppose 20 = 4*o - 12. Suppose -7 = -3*v + o. What is the units digit of v?
5
Let u(o) = 13*o - 9. Let n(i) = -13*i + 10. Let k(g) = 3*n(g) + 4*u(g). Let z be k(4). What is the tens digit of z/4 - 2/4?
1
What is the hundreds digit of -23*1*(-3 + (0 - 5))?
1
Suppose -3*t + 0 = 3*h + 3, -4 = 4*t. Let a be 5*(h - (-2)/5). Suppose -a*s = -8 - 6. What is the units digit of s?
7
Let k = -16 + 20. What is the units digit of k?
4
Let j(u) = 2*u**2 - 2*u + 2. What is the units digit of j(4)?
6
Suppose 3*m - 654 + 179 = -4*g, -2*m = -g + 105. What is the hundreds digit of g?
1
Suppose 27 + 18 = f - 5*s, -2*s = 2*f - 114. What is the tens digit of f?
5
Suppose 0 = 3*d - 4*d + 34. What is the tens digit of d?
3
Suppose -2*f + 0*f + 52 = 0. What is the tens digit of f?
2
Let z = -264 - -394. What is the units digit of z?
0
Suppose -30*k + 25*k + 60 = 0. What is the tens digit of k?
1
Suppose -4*x = 3*g + 21 - 255, 161 = 3*x - 5*g. What is the units digit of x?
7
Let p = -10 - -4. What is the units digit of ((-9)/p)/((-9)/(-132))?
2
Suppose -41*g + 159 = -40*g. What is the units digit of g?
9
Suppose 4 = -4*g + 8*g. Let r = g + 15. What is the units digit of r?
6
Let c be 6*(-1)/(-4)*32. Suppose 2*o - c = -o. What is the tens digit of o?
1
Let l(i) = -2*i - 3. Let m be l(-2). Suppose -5 = -q - m. What is the units digit of ((-3)/q)/(4/(-16))?
3
What is the tens digit of (8/(-12) + 1)/(3/153)?
1
Let a(i) = 2*i**2 + 10*i + 9. Let b be a(-6). Suppose -2*t = -b - 47. Suppose 3*y + 43 = 5*j, 3 = -4*j - y + t. What is the units digit of j?
8
Suppose -5*u = -5 - 25. Let y(b) = -b + 6. Let j be y(6). Let a = u + j. What is the units digit of a?
6
Suppose u + 2 = -0*u. Let r = 4 + u. Suppose -r*t = -d - 5, 5*t - 5 - 7 = 3*d. What is the units digit of t?
3
Let f(r) = r**2 + 3*r. Let m be f(-5). Let p(q) = 3*q. Let b be p(-2). Let t = b + m. What is the units digit of t?
4
Let x(r) = 25*r + 23. What is the hundreds digit of x(6)?
1
Let w be (34/(-6))/(5/(-30)). Let f = w + -16. What is the tens digit of f?
1
Let t = 6 - 2. Suppose 94 - t = 5*h. What is the tens digit of h?
1
Let b(z) = z**3 + 7*z**2 - 10*z - 9. Let a be b(-8). Let o = a - -29. What is the units digit of o?
6
Suppose -7*d = 3*x - 2*d + 2, 5*x + 3*d = 18. What is the units digit of 4/(x/(-3)) - -23?
1
Suppose -3*v + 272 + 532 = 0. What is the tens digit of v?
6
What is the units digit of 12/(-9)*(241/(-2) + -4)?
6
Let v(w) = -w - 1. Let b be v(4). Let q = b + -1. Let y(c) = -c**3 - 5*c**2 + 6*c + 6. What is the units digit of y(q)?
6
Suppose -5*l - 92 = -3*a, -2*l + 18 = 2*a - 22. What is the tens digit of a?
2
Suppose 14 + 2 = 2*f. Suppose 10*v - 14*v = 20. Let d = f - v. What is the tens digit of d?
1
Let g be 6*(9/3)/6. Suppose -158 = -g*o + 5*b, -26 = -o - 0*o - 5*b. Suppose -8 = 2*f - 2*t - o, 4*f + t - 51 = 0. What is the units digit of f?
4
Let n be (2/(-3))/(1/(-3)). Suppose -2*r + a + 10 = 0, -n*r - 17 = -5*r + 2*a. What is the units digit of r?
3
Let h(l) = -l**3 - 10*l**2 + 5*l + 20. What is the tens digit of h(-11)?
8
Suppose 4*w + 5*c = 225, 2*w + c = 14 + 103. What is the tens digit of w?
6
Let j be (-30)/(-8) + (-6)/8. Suppose 3*u - 4*b - 5 = 0, j*u + b + 5 = -0*u. Let w = u - -6. What is the units digit of w?
5
What is the units digit of (1132/(-8))/(1 + (-12)/8)?
3
Let p = -22 - -36. What is the units digit of p?
4
Let a(u) = -5 - u**2 - 2 - 6 + 13*u + 0. What is the units digit of a(11)?
9
Let d(q) = 6*q - 7. Let m(a) = -17*a + 20. Let z(s) = -11*d(s) - 4*m(s). What is the units digit of z(4)?
5
Let w(t) = t**2 - 6*t + 4. Let i be w(6). Let j be (i + -2)*-1*-2. Suppose -2*f + 35 = 5*u - 4, u = -j*f - 3. What is the units digit of u?
9
Let x(z) be the first derivative of 5/3*z**3 + 0*z**2 + 0*z - 2. What is the units digit of x(-1)?
5
Let y = -1 - -2. Suppose -3 = -2*u + y. Suppose -q - 22 = -5*g, -q = -u*g + 3*g - 8. What is the units digit of q?
3
Suppose -5*v + j + 32 = -389, -3*v + 251 = -j. What is the tens digit of v?
8
Suppose -2*c + 75 = c. What is the units digit of c?
5
Let o(r) = -r**2 + 9*r + 3. What is the tens digit of o(5)?
2
Suppose 0 = 5*m - 3*m - 6. Suppose 1 = -h + m. What is the units digit of h - 6*(-2)/3?
6
Let p = -67 - -109. What is the tens digit of p?
4
What is the units digit of 11/(-1)*(2 - 3)?
1
Let n(m) be the third derivative of m**4/8 - m**3/2 + 3*m**2. What is the units digit of n(5)?
2
Let y = -11 + 20. Let v = -5 + y. What is the units digit of v?
4
Let v = -12 - 6. Let z = v - -40. What is the tens digit of z?
2
What is the tens digit of (-3*2)/(-3 - (-408)/138)?
3
Let c = -99 - -142. What is the tens digit of c?
4
What is the units digit of 129 - (3/(-2))/((-12)/24)?
6
Let q(x) = -x**2 - 6*x - 3. Let f be q(-4). Suppose 9 = -t + f*k - 5, -t + 3*k - 10 = 0. What is the units digit of (5 - 2)/((-6)/t)?
2
Let x = 474 + -219. What is the hundreds digit of x?
2
Let j(o) = -36*o + 28. What is the units digit of j(-5)?
8
Let r = -335 - -525. What is the hundreds digit of r?
1
What is the units digit of (-32)/(-48) - 296/(-6)?
0
Let c(i) = 4*i**3 - 3*i**2 - 5*i + 5. What is the units digit of c(3)?
1
Suppose c - 2 = -0. What is the tens digit of 10*(-2 + c + 1)?
1
Let g be 3/9 - 16/(-6). Suppose -g*s + 12 = -0*s. Suppose 0 = -2*z + z + s. What is the units digit of z?
4
Suppose 24 = 4*b - 4*t, -4*b + 14 = -2*b - 3*t. Suppose 0 = b*m - 46 - 110. What is the tens digit of m?
3
Suppose 0 = -2*n - 3*f + 153, -6*f + f = 2*n - 163. Suppose -c - n = -4*c. What is the units digit of c?
3
Suppose 3*g - 47 - 22 = 0. What is the units digit of g?
3
Let b(k) = -9 + 3*k - 11*k - 8. What is the tens digit of b(-8)?
4
Let l = 150 - 10. What is the tens digit of l?
4
Let j(w) = -2*w - 12 + 1 + w. Let i be j(-8). Let o(t) = -t**3 - 3*t**2 - 2*t + 3. What is the units digit of o(i)?
9
Suppose 3*i - 5*m = -9 - 5, -2*m + 12 = 2*i. Suppose -32 = -4*a + i*a. 